r + 26. Let m be 3 - 32/24*18/8. Give p(m).
26
Suppose -5*w + 1 = -3*p - 0*p, 0 = 2*p + 4. Let n be 2*9/(-6)*w. Suppose -4*t = -d - 6*t - 1, -2 = 2*d + n*t. Let f(g) = 5*g + 1. Determine f(d).
-4
Let v(p) = -5*p**3 + 2*p**2 - 8*p + 6. Let x(b) = -b**3 - b**2 - 2*b + 1. Let u(g) = v(g) - 4*x(g). Suppose 0 = 5*m - 0*m - 2*c - 24, 9 = 3*c. Determine u(m).
2
Let s(f) = -6*f**2 + 6*f + 2 - 1 - 3*f**2 - 3*f - 2*f. What is s(-1)?
-9
Suppose -8*g + 84 - 68 = 0. Let p(c) = -4*c**3 - 2*c + 3. Give p(g).
-33
Let i(g) = g + 14. Let c be i(-11). Let a(w) be the third derivative of -w**5/60 + w**4/12 + w**3/2 - 18*w**2. Give a(c).
0
Let q(t) = t**2 + 5*t + 2. Suppose 4 - 144 = 4*y. Let z be (-45)/y - (-2)/(-7). Suppose 0 = -2*h - 9 - z. Calculate q(h).
2
Let i(p) = -2*p**2 - 7 + p**2 + 2*p + 4*p. Let z be i(5). Let x(u) be the first derivative of u**2/2 - 44. Determine x(z).
-2
Let c(d) be the third derivative of d**4/8 + d**3/2 - d**2. Suppose 2*h + 3*r - 4 = -11, 5*h + 5*r + 20 = 0. Calculate c(h).
-12
Let n(z) = -6*z**2 + 19*z + 8. Let s(y) = -4*y**2 + 13*y + 6. Let h(i) = -5*n(i) + 7*s(i). Calculate h(3).
8
Let l(d) = -7*d - 4. Let a(p) = -7*p - 3. Let w(o) = 7*a(o) - 6*l(o). Let i(y) = -9*y**2 + y - 1. Let x be i(1). Let q be x/6*8/(-6). Give w(q).
-11
Let g = -33 + 44. Let o be 26/(-143) - (-13)/g. Let f(h) = -12*h - 1. Determine f(o).
-13
Let u(g) = -8*g - 3 + 6*g**2 - 2 + g**2 + g**3. Suppose -3*x = -5*o - 25, -5*o - 8 = -7*o. Let s be 0 + (-23)/3 + (-5)/x. Give u(s).
-5
Let x(q) = -q + 19. Let d(v) = -v + 18. Let j(l) = 4*d(l) - 5*x(l). Give j(0).
-23
Let q be 4 + (-3)/3 + -4. Let x be (-7)/(-2)*(-7 - (q + -4)). Let z(h) = 3*h - 1. Calculate z(x).
-22
Let j(i) = -i**3 + 4*i**2 + 2*i + 1. Suppose 2*y = 2*a - 14 - 4, 5*a + 2*y - 17 = 0. Give j(a).
-14
Suppose 0*p = 3*p. Let i = 2 - p. Let g(m) = 0*m - 2 + m**2 - i*m - 2*m**2. Determine g(-2).
-2
Suppose 0 = 2*k - 3 + 5. Let h(i) = -3*i. Let o be h(-2). Let d be -3*k/(o/8). Let u(l) = l**2 - 5*l + 6. Give u(d).
2
Let j be (-2)/(5/13*18/135). Let r = -40 - j. Let n(o) = -3*o**3 + o**2 + o + 1. Calculate n(r).
4
Let m = 5 - 4. Suppose -3*j = 5 + m. Let f(t) be the second derivative of t**5/20 - t**3/2 - t**2 + 4*t + 3. Give f(j).
-4
Let u(r) = r - 5. Let z be u(6). Let c(d) = -5*d**3 + 1 - 2*d**2 - 6*d**2 + 7*d**2. Give c(z).
-5
Let u(l) be the first derivative of 3*l**2/2 + 3*l + 201. Give u(4).
15
Let k be (-60)/(-33) - 4/(-22). Let s(l) be the third derivative of -l**6/120 + l**5/60 + 28*l**2 - l. Calculate s(k).
-4
Let t(g) be the third derivative of 1/60*g**5 + 0*g + 0 + 5/24*g**4 + 1/6*g**3 - 2*g**2. Let x = -1864 - -1862. What is t(x)?
-5
Let m(t) = -t**2 - 44*t - 151. Let s be m(-4). Let k(u) = u - 9. Give k(s).
0
Let n(d) = -d. Let k(c) = 5*c**2 - 1. Let i be k(1). Suppose -42 = -l + i*y, 12 = 5*l + 5*y - 73. Let q = l + -24. Calculate n(q).
2
Let j(k) be the third derivative of 1/24*k**4 + 0*k**3 + 0*k + 0 + 1/12*k**5 - 13*k**2. Determine j(1).
6
Let t be 7/2 - 6/(-12). Let h be 16/t + (-6)/(-3). Let r(a) = a + 2 + h*a - 7 + a**2 - 10*a. Determine r(4).
-1
Let f(m) = 2*m**2 + m + 3 - 6*m**2 + 2*m**2 - 2. Suppose -4*z = 2*z - 30. Suppose 16 = 4*y + 2*a, -z = -2*y - 3*a + 11. Give f(y).
-5
Let i(z) = z**2 - z - 1. Let w(h) = -h**3 - 16*h**2 + 33*h - 55. Let t be w(-18). What is i(t)?
1
Let p(y) = -5*y + 15. Let m(q) = -4*q + 34. Let h(r) = r - 1. Let s(v) = -10*h(v) + m(v). Let a(j) = -11*p(j) + 4*s(j). Determine a(5).
6
Let g(c) = -5*c - 2. Suppose 2*m - m + 29 = 3*b, b = -m + 7. Let d = b - 15. Let a be (8/d)/(2/(-3)). What is g(a)?
-12
Let x(k) = -3*k - 23. Suppose 3*c - 603 = 70*c. Give x(c).
4
Let y(u) = -3*u - 2*u**2 + 3*u + 18*u**3 + 1. Let p = 127 + -126. Give y(p).
17
Let c(a) = 2*a**2 + a - 4. Suppose -12 = 21*h - 27*h. Determine c(h).
6
Suppose 3 = -2*i + 9. Suppose 3*m - 8*m + 10 = 0. Let h(p) = 2 + 3*p - m + i + p. Calculate h(-2).
-5
Let g(u) = 10 + 5*u**2 + 4*u + u**3 + 2*u**2 - 14*u + 3*u**2. Let w be g(-11). Let t(y) = -5*y + 1. What is t(w)?
6
Let j(q) = -q**3 + 4*q**2 - q + 4. Let x be j(4). Let t = -41 - -41. Let n(g) = t*g + g - 8 - 4*g + 2*g. Calculate n(x).
-8
Let a(b) = -12*b - 55. Let p(q) = 4*q + 21. Let v(d) = -3*a(d) - 8*p(d). Give v(8).
29
Let c = 7 - -7. Suppose -10*j + c*j = 0. Let q(g) = 6 + g + 0*g - 4*g + j*g. Calculate q(5).
-9
Let i(p) = p - 2. Suppose 44*f = 36*f + 48. Give i(f).
4
Let u be 24*((-66)/(-4) + -1). Suppose i + 2*i = u. Let m be i/(-44) - (-4)/(-22). Let c(j) = j**2 + 2*j - 3. Give c(m).
0
Let w(p) = p**2 - 19*p - 104. Let b be w(-4). Let s(c) = c**2 + 12*c + 2. Calculate s(b).
2
Let z(k) = -k**2 - 4*k - 1. Let f be z(-3). Let o(n) = n**2 + 15*n - 16. Let i be o(-16). Let m(w) = 4*w**2 + i - 3*w - 3*w**f - 2. What is m(5)?
8
Let b be ((-5)/5)/((-7)/(-21)). Let z(g) = -4*g**2 - g. Let i(u) = 5*u**2 + 1. Let m(v) = -2*i(v) - 3*z(v). Give m(b).
7
Let f(k) be the second derivative of -6*k + 0 - 1/60*k**5 + k**2 - 1/4*k**4 - 1/3*k**3. Let c(g) be the first derivative of f(g). What is c(-4)?
6
Let j be 32/14 - 2/7. Let k(h) = -3*h**j - 2*h + 770 - 770. Determine k(2).
-16
Suppose 2*z - 5*o - 1 = 0, -10*z - 4*o = -15*z + 11. Let x(y) be the second derivative of -1/2*y**3 - z*y - y**2 + 0. Determine x(-2).
4
Let i(n) = -54*n + 62. Let h(w) = 38*w - 41. Let f(y) = -7*h(y) - 5*i(y). Calculate f(7).
5
Suppose 5*l - 34 = -2*r - 0*r, 5*r + 4*l - 51 = 0. Let z = r - 1. Let p(q) = -q + 1 - 1 + z*q. What is p(2)?
10
Suppose -2*r + 7 = w - 2, 0 = -2*r + 2*w - 6. Let z be 1/r*12/(-9)*-12. Let q(x) = x - 5. Calculate q(z).
3
Let u(v) = v - 6676 + 3*v**2 + 6675 - 12*v**2. Give u(-1).
-11
Let r(q) be the second derivative of -5/12*q**4 - 14*q + 0 + 0*q**3 - 1/2*q**2. Calculate r(1).
-6
Let u(v) = v**3 + v**2 + 7*v + 4. Let l(s) = 2*s**3 + s**2 + 13*s + 7. Let t(z) = 6*l(z) - 11*u(z). What is t(4)?
-14
Let d(k) = 5*k - 10*k + 2*k + 4*k. Give d(2).
2
Let l(r) be the third derivative of -r**5/60 - r**4/12 - r**3/2 - r**2. Let t(w) = -w**3 + 4*w**2 + 4*w - 9. Let v be t(6). Let c = v - -55. Give l(c).
-3
Let d(b) = -1 - 12*b - 3 + 2 + 0 - b**2 + 7*b. Let h be 12/(-4)*(-4)/(-3). Calculate d(h).
2
Let h(f) = f**3 + 5*f**2 + 2*f + 4. Let v be h(-5). Let g(t) = -5*t + 7. Let d(p) = 6*p - 7. Let a(c) = 3*d(c) + 4*g(c). Give a(v).
19
Let i(a) = 6*a**3 + 1. Suppose 10 = -104*u + 109*u. Suppose 4*m = 5*m + j, 6 = -4*m + u*j. Give i(m).
-5
Let y(o) = o + 21. Let u(d) = 2*d + 6. Let w(b) = -7*u(b) + 2*y(b). Determine w(-3).
36
Let n(o) = o + 6. Let q be n(-7). Let l be 85/(-15) + q/3. Let u = l + 5. Let t(y) = 4*y**3 - 1. What is t(u)?
-5
Let j(m) = 3*m + 1. Let q(o) = -2*o. Let s(y) = 3*j(y) + 4*q(y). Let f = -143 + 141. Determine s(f).
1
Let u(l) = 5 - 7*l**3 - 10*l**2 + 3*l**3 - 8*l - 3*l**3. Let m = -176 + 170. Let y(c) = 6*c**3 + 9*c**2 + 7*c - 4. Let s(g) = m*y(g) - 5*u(g). Determine s(-4).
7
Suppose 60*w = 65*w - 835. Let x(g) = 52 + 4*g + 57 + 57 - w. Calculate x(-4).
-17
Let m(v) = v**2 - 10*v. Let y be m(8). Let o = y + 18. Let k(p) = -p**3 + 3*p**2 - 2*p + 2. Determine k(o).
2
Let w be 0/4*3/(-3). Suppose w = -5*l + 21 - 6. Let y(f) = 3*f - f**3 + f + 0 - 1 + 2*f**l + 4*f**2. Give y(-3).
-4
Let o(t) = -4*t**2 - 6*t + 11. Let k(l) = l**2 - 1. Let m(j) = -3*k(j) - o(j). Let c be (8/3 + 0)*-3. Determine m(c).
8
Suppose 0 = -93*d + 153*d. Let u(n) be the second derivative of d - 3/2*n**2 + 1/2*n**3 + 3*n. Determine u(-4).
-15
Let o(m) = -m**2 + 8*m. Let h(q) = 9*q**2 - 1. Let n be h(1). Calculate o(n).
0
Suppose -2*z - 21 = -5*v, -3*z - 2*v + 11 = -v. Let p(d) = d**2 - 3*d + 3. Calculate p(z).
1
Let w(t) = -299 - t**3 + 2*t + 301 - 2*t**3 + 2*t**3 + 3*t**2. What is w(4)?
-6
Suppose -2*l - l - 11 = -2*p, 5*l = 4*p - 19. Let u(g) = -12*g**2 - g + 13. Let c(b) = -35*b**2 - 3*b + 36. Let v(d) = -4*c(d) + 11*u(d). What is v(p)?
8
Suppose -3*h - 12*h - 105 = 0. Let n be 9 + (8 - 5) + h. Let i(j) = -6*j + 2. Determine i(n).
-28
Let j(u) be the third derivative of 1/8*u**4 - 5*u**2 + 0*u + 1/6*u**3 + 0. Suppose -25 = -5*o + 3*g, 2*g - 6*g - 24 = -2*o. What is j(o)?
7
Let t be 2*(-15)/10 - 33. Let a = -32 - t. Let y(g) = g - 5*g + 3*g - g**3 - 2 + 5*g**2. Give y(a).
10
Let r(t) = t - 12. Let f(h) be the first derivative of 11*h**2/2 + h - 1. Let m be f(1). Let b = m - 7. Determ